{"id":1411,"date":"2023-11-21T01:26:15","date_gmt":"2023-11-20T22:26:15","guid":{"rendered":"https:\/\/fecoi.eu\/?page_id=1411"},"modified":"2023-11-21T01:29:07","modified_gmt":"2023-11-20T22:29:07","slug":"ce-que-nous-faisons","status":"publish","type":"page","link":"https:\/\/fecoi.eu\/?page_id=1411","title":{"rendered":"Ce que nous faisons"},"content":{"rendered":"\n<p><strong>Ce que nous faisons :<\/strong><\/p>\n\n\n\n<p>Nous promouvons l\u2019apprentissage interculturel, les droits de l\u2019homme, la citoyennet\u00e9 active, le volontariat, le sport pour un mode de vie sain et la protection de l\u2019environnement parmi les jeunes. Nous soutenons \u00e9galement la coop\u00e9ration entre les jeunes par le biais de nos projets de volontariat et d\u2019\u00e9changes avec les pays europ\u00e9ens. Nous encourageons les jeunes \u00e0 en apprendre davantage sur les diff\u00e9rences culturelles, la modernit\u00e9 et la num\u00e9risation. Nous travaillons \u00e0 la fois au niveau local et international.<\/p>\n\n\n\n<p><strong>Comment faire:<\/strong><\/p>\n\n\n\n<p>Dans le cadre des projets pour la jeunesse, nous organisons des activit\u00e9s de sensibilisation, des activit\u00e9s interculturelles, des \u00e9v\u00e9nements sportifs, des tournois, des conf\u00e9rences, des cours de formation, des \u00e9changes de jeunes et des campagnes.<\/p>\n","protected":false},"excerpt":{"rendered":"<p>Ce que nous faisons : Nous promouvons l\u2019apprentissage interculturel, les droits de l\u2019homme, la citoyennet\u00e9 active, le volontariat, le sport pour un mode de vie sain et la protection de l\u2019environnement parmi les jeunes. Nous soutenons \u00e9galement la coop\u00e9ration entre les jeunes par le biais de nos projets de volontariat et d\u2019\u00e9changes avec les pays &hellip;<\/p>\n","protected":false},"author":1,"featured_media":0,"parent":0,"menu_order":0,"comment_status":"closed","ping_status":"closed","template":"","meta":{"om_disable_all_campaigns":false,"_monsterinsights_skip_tracking":false,"_monsterinsights_sitenote_active":false,"_monsterinsights_sitenote_note":"","_monsterinsights_sitenote_category":0,"footnotes":""},"class_list":["post-1411","page","type-page","status-publish",""],"aioseo_notices":[],"_links":{"self":[{"href":"https:\/\/fecoi.eu\/index.php?rest_route=\/wp\/v2\/pages\/1411","targetHints":{"allow":["GET"]}}],"collection":[{"href":"https:\/\/fecoi.eu\/index.php?rest_route=\/wp\/v2\/pages"}],"about":[{"href":"https:\/\/fecoi.eu\/index.php?rest_route=\/wp\/v2\/types\/page"}],"author":[{"embeddable":true,"href":"https:\/\/fecoi.eu\/index.php?rest_route=\/wp\/v2\/users\/1"}],"replies":[{"embeddable":true,"href":"https:\/\/fecoi.eu\/index.php?rest_route=%2Fwp%2Fv2%2Fcomments&post=1411"}],"version-history":[{"count":2,"href":"https:\/\/fecoi.eu\/index.php?rest_route=\/wp\/v2\/pages\/1411\/revisions"}],"predecessor-version":[{"id":1427,"href":"https:\/\/fecoi.eu\/index.php?rest_route=\/wp\/v2\/pages\/1411\/revisions\/1427"}],"wp:attachment":[{"href":"https:\/\/fecoi.eu\/index.php?rest_route=%2Fwp%2Fv2%2Fmedia&parent=1411"}],"curies":[{"name":"wp","href":"https:\/\/api.w.org\/{rel}","templated":true}]}}