{"id":1390,"date":"2023-11-21T00:26:53","date_gmt":"2023-11-20T21:26:53","guid":{"rendered":"https:\/\/fecoi.eu\/?page_id=1390"},"modified":"2023-11-21T00:26:54","modified_gmt":"2023-11-20T21:26:54","slug":"a-propos-de-nous","status":"publish","type":"page","link":"https:\/\/fecoi.eu\/?page_id=1390","title":{"rendered":"\u00c0 propos de nous"},"content":{"rendered":"\n<p><strong>Notre mission:<\/strong><\/p>\n\n\n\n<p>Cr\u00e9er des opportunit\u00e9s pour les jeunes et un impact positif et durable dans la fa\u00e7on dont nous traitons notre plan\u00e8te et les gens.<\/p>\n\n\n\n<p><strong>Notre vision:<\/strong><\/p>\n\n\n\n<p>\u00catre \u00e0 l\u2019avant-garde des organisations qui cr\u00e9ent une vie inclusive et durable pour les communaut\u00e9s du monde entier.<\/p>\n\n\n\n<p><strong>Durabilit\u00e9<\/strong><\/p>\n\n\n\n<p>Nous cherchons \u00e0 \u00e9duquer tous les \u00eatres humains \u00e0 la durabilit\u00e9 et aux meilleurs choix pour l\u2019environnement et le climat.<\/p>\n\n\n\n<p>Aptitudes et comp\u00e9tences<\/p>\n\n\n\n<p>Nous recherchons une soci\u00e9t\u00e9 ouverte, o\u00f9 chacun peut r\u00e9aliser son potentiel, relever les d\u00e9fis et s\u2019adapter avec courage et cr\u00e9ativit\u00e9.<\/p>\n\n\n\n<p><strong>\u00c9galit\u00e9 et inclusion<\/strong><\/p>\n\n\n\n<p>Nous \u00e9duquons les gens \u00e0 regarder au-del\u00e0 des st\u00e9r\u00e9otypes et \u00e0 cr\u00e9er un monde o\u00f9 l\u2019on peut \u00eatre soi-m\u00eame en toute s\u00e9curit\u00e9.<\/p>\n\n\n\n<p><strong>Sant\u00e9 et sport<\/strong><\/p>\n\n\n\n<p>Notre objectif est de faire comprendre que le sport n\u2019est pas une question de m\u00e9dailles. Il s\u2019agit de gloire personnelle, de croissance et de communaut\u00e9.<\/p>\n\n\n\n<p><strong>Ce que nous faisons :<\/strong><\/p>\n\n\n\n<p>Nous promouvons l\u2019apprentissage interculturel, les droits de l\u2019homme, la citoyennet\u00e9 active, le volontariat, le sport pour un mode de vie sain et la protection de l\u2019environnement parmi les jeunes. Nous soutenons \u00e9galement la coop\u00e9ration entre les jeunes par le biais de nos projets de volontariat et d\u2019\u00e9changes avec les pays europ\u00e9ens. Nous encourageons les jeunes \u00e0 en apprendre davantage sur les diff\u00e9rences culturelles, la modernit\u00e9 et la num\u00e9risation. Nous travaillons \u00e0 la fois au niveau local et international.<\/p>\n\n\n\n<p><strong>Comment faire:<\/strong><\/p>\n\n\n\n<p>Dans le cadre des projets pour la jeunesse, nous organisons des activit\u00e9s de sensibilisation, des activit\u00e9s interculturelles, des \u00e9v\u00e9nements sportifs, des tournois, des conf\u00e9rences, des cours de formation, des \u00e9changes de jeunes et des campagnes.<\/p>\n\n\n\n<p><\/p>\n","protected":false},"excerpt":{"rendered":"<p>Notre mission: Cr\u00e9er des opportunit\u00e9s pour les jeunes et un impact positif et durable dans la fa\u00e7on dont nous traitons notre plan\u00e8te et les gens. Notre vision: \u00catre \u00e0 l\u2019avant-garde des organisations qui cr\u00e9ent une vie inclusive et durable pour les communaut\u00e9s du monde entier. Durabilit\u00e9 Nous cherchons \u00e0 \u00e9duquer tous les \u00eatres humains \u00e0 &hellip;<\/p>\n","protected":false},"author":1,"featured_media":0,"parent":0,"menu_order":0,"comment_status":"closed","ping_status":"closed","template":"","meta":{"om_disable_all_campaigns":false,"_monsterinsights_skip_tracking":false,"_monsterinsights_sitenote_active":false,"_monsterinsights_sitenote_note":"","_monsterinsights_sitenote_category":0,"footnotes":""},"class_list":["post-1390","page","type-page","status-publish",""],"aioseo_notices":[],"_links":{"self":[{"href":"https:\/\/fecoi.eu\/index.php?rest_route=\/wp\/v2\/pages\/1390","targetHints":{"allow":["GET"]}}],"collection":[{"href":"https:\/\/fecoi.eu\/index.php?rest_route=\/wp\/v2\/pages"}],"about":[{"href":"https:\/\/fecoi.eu\/index.php?rest_route=\/wp\/v2\/types\/page"}],"author":[{"embeddable":true,"href":"https:\/\/fecoi.eu\/index.php?rest_route=\/wp\/v2\/users\/1"}],"replies":[{"embeddable":true,"href":"https:\/\/fecoi.eu\/index.php?rest_route=%2Fwp%2Fv2%2Fcomments&post=1390"}],"version-history":[{"count":1,"href":"https:\/\/fecoi.eu\/index.php?rest_route=\/wp\/v2\/pages\/1390\/revisions"}],"predecessor-version":[{"id":1391,"href":"https:\/\/fecoi.eu\/index.php?rest_route=\/wp\/v2\/pages\/1390\/revisions\/1391"}],"wp:attachment":[{"href":"https:\/\/fecoi.eu\/index.php?rest_route=%2Fwp%2Fv2%2Fmedia&parent=1390"}],"curies":[{"name":"wp","href":"https:\/\/api.w.org\/{rel}","templated":true}]}}