{"id":1318,"date":"2021-11-21T15:12:46","date_gmt":"2021-11-21T15:12:46","guid":{"rendered":"https:\/\/fecoi.eu\/?page_id=1318"},"modified":"2025-06-04T17:20:39","modified_gmt":"2025-06-04T14:20:39","slug":"home","status":"publish","type":"page","link":"https:\/\/fecoi.eu\/","title":{"rendered":"Home"},"content":{"rendered":"<h1><\/h1>\n<h1 style=\"text-align: center;\"><em>FRANCE \u00c8DUCATION, CULTURE ET ORGANISATIONS INTERNATIONALES<\/em><\/h1>\n<p>Dans le cadre des projets pour la jeunesse, nous organisons des activit\u00e9s de sensibilisation, des activit\u00e9s interculturelles, des \u00e9v\u00e9nements sportifs, des tournois, des conf\u00e9rences, des cours de formation, des \u00e9changes de jeunes et des campagnes.<\/p>\n<h3><\/h3>\n<h3><strong>Notre mission:<\/strong><\/h3>\n<p>Cr\u00e9er des opportunit\u00e9s pour les jeunes et un impact positif et durable dans la fa\u00e7on dont nous traitons notre plan\u00e8te et les gens.<\/p>\n<h3><strong>Notre vision:<\/strong><\/h3>\n<p>\u00catre \u00e0 l\u2019avant-garde des organisations qui cr\u00e9ent une vie inclusive et durable pour les communaut\u00e9s du monde entier.<\/p>\n<p><img loading=\"lazy\" decoding=\"async\" src=\"http:\/\/fecoi.eu\/wp-content\/uploads\/2023\/11\/fecoi8.jpg\" sizes=\"auto, (max-width: 1024px) 100vw, 1024px\" srcset=\"https:\/\/fecoi.eu\/wp-content\/uploads\/2023\/11\/fecoi8.jpg 1024w, https:\/\/fecoi.eu\/wp-content\/uploads\/2023\/11\/fecoi8-300x225.jpg 300w, https:\/\/fecoi.eu\/wp-content\/uploads\/2023\/11\/fecoi8-768x576.jpg 768w\" alt=\"\" width=\"1024\" height=\"768\" \/><\/p>\n<h1>QUESTION<\/h1>\n<p><strong>Nous sommes l\u00e0 pour r\u00e9pondre \u00e0 toutes vos questions<\/strong><\/p>\n<p><a href=\"https:\/\/fecoi.eu\/?page_id=1392\">Contactez nous<\/a><\/p>\n","protected":false},"excerpt":{"rendered":"<p>FRANCE \u00c8DUCATION, CULTURE ET ORGANISATIONS INTERNATIONALES Dans le cadre des projets pour la jeunesse, nous organisons des activit\u00e9s de sensibilisation, des activit\u00e9s interculturelles, des \u00e9v\u00e9nements sportifs, des tournois, des conf\u00e9rences, des cours de formation, des \u00e9changes de jeunes et des campagnes. Notre mission: Cr\u00e9er des opportunit\u00e9s pour les jeunes et un impact positif et durable &hellip;<\/p>\n","protected":false},"author":1,"featured_media":1356,"parent":0,"menu_order":0,"comment_status":"closed","ping_status":"closed","template":"","meta":{"om_disable_all_campaigns":false,"_monsterinsights_skip_tracking":false,"_monsterinsights_sitenote_active":false,"_monsterinsights_sitenote_note":"","_monsterinsights_sitenote_category":0,"footnotes":""},"class_list":["post-1318","page","type-page","status-publish","has-post-thumbnail",""],"aioseo_notices":[],"_links":{"self":[{"href":"https:\/\/fecoi.eu\/index.php?rest_route=\/wp\/v2\/pages\/1318","targetHints":{"allow":["GET"]}}],"collection":[{"href":"https:\/\/fecoi.eu\/index.php?rest_route=\/wp\/v2\/pages"}],"about":[{"href":"https:\/\/fecoi.eu\/index.php?rest_route=\/wp\/v2\/types\/page"}],"author":[{"embeddable":true,"href":"https:\/\/fecoi.eu\/index.php?rest_route=\/wp\/v2\/users\/1"}],"replies":[{"embeddable":true,"href":"https:\/\/fecoi.eu\/index.php?rest_route=%2Fwp%2Fv2%2Fcomments&post=1318"}],"version-history":[{"count":12,"href":"https:\/\/fecoi.eu\/index.php?rest_route=\/wp\/v2\/pages\/1318\/revisions"}],"predecessor-version":[{"id":1554,"href":"https:\/\/fecoi.eu\/index.php?rest_route=\/wp\/v2\/pages\/1318\/revisions\/1554"}],"wp:featuredmedia":[{"embeddable":true,"href":"https:\/\/fecoi.eu\/index.php?rest_route=\/wp\/v2\/media\/1356"}],"wp:attachment":[{"href":"https:\/\/fecoi.eu\/index.php?rest_route=%2Fwp%2Fv2%2Fmedia&parent=1318"}],"curies":[{"name":"wp","href":"https:\/\/api.w.org\/{rel}","templated":true}]}}